{"id":2,"date":"2021-02-28T18:22:26","date_gmt":"2021-02-28T18:22:26","guid":{"rendered":"https:\/\/kimube.de\/?page_id=2"},"modified":"2026-02-23T19:51:18","modified_gmt":"2026-02-23T19:51:18","slug":"sample-page","status":"publish","type":"page","link":"https:\/\/kimube.de\/?page_id=2","title":{"rendered":"Musikgarten von 6 &#8211; 36 Monaten"},"content":{"rendered":"\n<p class=\"has-black-color has-text-color has-medium-font-size\"><img loading=\"lazy\" decoding=\"async\" width=\"150\" height=\"150\" class=\"wp-image-19\" style=\"width: 150px;\" src=\"https:\/\/kimube.de\/wp-content\/uploads\/2021\/02\/47914920.jpg\" alt=\"\" srcset=\"https:\/\/kimube.de\/wp-content\/uploads\/2021\/02\/47914920.jpg 450w, https:\/\/kimube.de\/wp-content\/uploads\/2021\/02\/47914920-300x300.jpg 300w, https:\/\/kimube.de\/wp-content\/uploads\/2021\/02\/47914920-150x150.jpg 150w\" sizes=\"auto, (max-width: 150px) 100vw, 150px\" \/>                                                <img loading=\"lazy\" decoding=\"async\" width=\"150\" height=\"150\" class=\"wp-image-83\" style=\"width: 150px;\" src=\"https:\/\/kimube.de\/wp-content\/uploads\/2021\/03\/47914950.jpg\" alt=\"\" srcset=\"https:\/\/kimube.de\/wp-content\/uploads\/2021\/03\/47914950.jpg 450w, https:\/\/kimube.de\/wp-content\/uploads\/2021\/03\/47914950-300x300.jpg 300w, https:\/\/kimube.de\/wp-content\/uploads\/2021\/03\/47914950-150x150.jpg 150w, https:\/\/kimube.de\/wp-content\/uploads\/2021\/03\/47914950-230x230.jpg 230w, https:\/\/kimube.de\/wp-content\/uploads\/2021\/03\/47914950-350x350.jpg 350w\" sizes=\"auto, (max-width: 150px) 100vw, 150px\" \/><\/p>\n\n\n\n<p class=\"has-text-align-center has-black-color has-text-color has-medium-font-size\"><\/p>\n\n\n\n<p class=\"has-black-color has-text-color has-medium-font-size\">Ev. Kirchengemeinde Frechen<\/p>\n\n\n\n<p class=\"has-black-color has-text-color has-medium-font-size\">50226 Frechen<\/p>\n\n\n\n<p class=\"has-black-color has-text-color has-medium-font-size\">Hauptstrasse 209<\/p>\n\n\n\n<p class=\"has-black-color has-text-color has-medium-font-size\">Gruppenraum 1. OG<\/p>\n\n\n\n<p class=\"has-black-color has-text-color has-medium-font-size\">Mittwochs&nbsp;&nbsp;&nbsp;&nbsp;&nbsp;&nbsp; 9:30 &#8211; 11h Uhr&nbsp; (ab 6 Monaten)<\/p>\n\n\n\n<p class=\"has-black-color has-text-color has-medium-font-size\">und &nbsp; &nbsp; &nbsp; &nbsp; &nbsp; &nbsp;&nbsp;&nbsp;&nbsp;&nbsp; <\/p>\n\n\n\n<p class=\"has-black-color has-text-color has-medium-font-size\">Donnerstags&nbsp;&nbsp;&nbsp;&nbsp;&nbsp; 9:30 &#8211; 11 Uhr Uhr&nbsp;&nbsp; (ab 6 Monaten)<\/p>\n\n\n\n<p class=\"has-black-color has-text-color has-medium-font-size\">Anmeldung erforderlich unter <a rel=\"noreferrer noopener\" href=\"mailto:info@kimube.de\" data-type=\"mailto\" data-id=\"mailto:info@kimube.de\" target=\"_blank\">info@kimube.de<\/a><\/p>\n\n\n\n<p class=\"has-text-align-center has-black-color has-text-color has-medium-font-size\"><img loading=\"lazy\" decoding=\"async\" width=\"150\" height=\"98\" class=\"wp-image-84\" style=\"width: 150px;\" src=\"https:\/\/kimube.de\/wp-content\/uploads\/2021\/03\/big_40378214_0_270-176.png\" alt=\"\" srcset=\"https:\/\/kimube.de\/wp-content\/uploads\/2021\/03\/big_40378214_0_270-176.png 270w, https:\/\/kimube.de\/wp-content\/uploads\/2021\/03\/big_40378214_0_270-176-230x150.png 230w\" sizes=\"auto, (max-width: 150px) 100vw, 150px\" \/><\/p>\n\n\n\n<p class=\"has-black-color has-text-color has-medium-font-size\"><strong>In meinen Stunden treffen sich ca. 10 Eltern- bzw. Gro\u00dfelternteile mit ihren Kindern zum gemeinsamen Singen, Musizieren auf Kleininstrumenten wie Rasseln, Klangh\u00f6lzern, Trommeln, Klangst\u00e4ben&nbsp;und&nbsp;Gl\u00f6ckchen, Tanzen und Kreisspielen in Bewegung und im Sitzen.<\/strong><\/p>\n\n\n\n<p class=\"has-black-color has-text-color has-medium-font-size\"><strong>Wir machen&nbsp;Fingerspiele, Spiele zur K\u00f6rpererfahrung, Spiele mit Chiffont\u00fcchern, Kniereiter,&nbsp;rhythmische und melodische Echospiele, welche&nbsp;dem&nbsp;Kind helfen, einen musikalischen &#8222;Grundwortschatz&#8220; aufzubauen.<\/strong><\/p>\n\n\n\n<p class=\"has-black-color has-text-color has-medium-font-size\"><strong><em>Nach der Gespr\u00e4chsrunde werden Bewegungs- und Spielanregungen f\u00fcr die Kinder aufgebaut, w\u00e4hrend die Eltern bei einer Tasse Kaffee oder Tee Fragen z.B. zu Entwicklung, Ern\u00e4hrung und Erziehung des Nachwuchses&nbsp;stellen k\u00f6nnen. <\/em><\/strong><\/p>\n\n\n\n<p class=\"has-black-color has-text-color has-medium-font-size\"><strong><em>Gelegentlich biete ich auch&nbsp;Kreativangebote f\u00fcr Kinder und Eltern an, die sich&nbsp;auf die&nbsp;Jahreszeiten&nbsp; und das Kirchenjahr beziehen.<\/em><\/strong><strong><\/strong><\/p>\n\n\n\n<p class=\"has-black-color has-text-color has-medium-font-size\"><strong><em>Im Herbst gehen wir z.B. Kastanien sammeln, im November basteln wir Laternen und im Fr\u00fchjahr besuchen wir einen Tierpark&nbsp;oder einen Spielplatz.<\/em><\/strong><strong><\/strong><\/p>\n\n\n\n<p class=\"has-black-color has-text-color has-medium-font-size\"><strong><em>Neben <\/em><\/strong><a rel=\"noreferrer noopener\" href=\"http:\/\/www.biotop-rosmarpark.de\/\" target=\"_blank\"><strong><em>&nbsp;<\/em><\/strong><\/a><strong><em>all den Aktivit\u00e4ten d\u00fcrfen nat\u00fcrlich die Feste nicht fehlen, wir feiern Geburtstage, Karneval, Ostern, St-Martin, Nikolaus&nbsp;und Weihnachten, teils in den Gruppen, teils&nbsp;\u00fcbergreifend mit mehreren Kursen zusammen.<\/em><\/strong><\/p>\n\n\n\n<p class=\"has-black-color has-text-color has-medium-font-size\">Musikgarten ist das bew\u00e4hrte musikalische Eltern-Kind-Konzept von der Geburt bis zum f\u00fcnften Lebensjahr. Durch Singen, Musizieren, Bewegen und Musikh\u00f6ren wird die nat\u00fcrliche musikalische Veranlagung der Kinder geweckt und entwickelt. Einfache Instrumente wie Klangh\u00f6lzer, Gl\u00f6ckchen, Rasseln und Trommeln f\u00fchren in die Welt der Kl\u00e4nge ein.<\/p>\n\n\n\n<p class=\"has-black-color has-text-color has-medium-font-size\">Ziel von Musikgarten ist, Kinder spielerisch an Musik heranzuf\u00fchren und Musizieren zu einem festen Bestandteil des Familienlebens zu machen. Die Kinder sollen ohne Leistungserwartungen die Gelegenheit bekommen, Musikaufzunehmen und selbst zu gestalten. In einer Musikgarten-Stunde kommen in der Regel 8 bis 10 Eltern-Kind-Paare zusammen, um Musik singend, tanzend und h\u00f6rend zu erleben. Damit wird der Grundstein f\u00fcr ein Leben mit Musik gelegt. Langzeitstudien best\u00e4tigen inzwischen den positiven Einfluss von Musikerziehung auf die ganzheitliche Entwicklung des Kindes &#8211; auf die musikalische Begabung, das Sozialverhalten und das Lernen.<\/p>\n\n\n\n<p class=\"has-black-color has-text-color has-medium-font-size\"><strong>Musikgarten f\u00fcr Babys (bis 18 Monate)<\/strong><br>Gemeinsames Musizieren und Musikh\u00f6ren in dieser fr\u00fchen Phase ist f\u00fcr das Kind \u201eNahrung\u201c f\u00fcr K\u00f6rper, Geist und Seele.<\/p>\n\n\n\n<p class=\"has-black-color has-text-color has-medium-font-size\"><strong>Musikgarten Phase 1 \u2013 Wir machen Musik (bis 3 Jahre)<\/strong><br>Dieser Kurs geht auf den wachsenden Erlebnisraum der Kinder ein. Die Themen hei\u00dfen Zuhause, Tierwelt, Beim Spiel und Drau\u00dfen. Der immer gr\u00f6\u00dfer werdenden Selbstst\u00e4ndigkeit der Kinder wird mit interaktiven Spielen und Freiraum f\u00fcr eigene Gestaltungsideen Rechnung getragen.<\/p>\n","protected":false},"excerpt":{"rendered":"<p>Ev. Kirchengemeinde Frechen 50226 Frechen Hauptstrasse 209 Gruppenraum 1. OG Mittwochs&nbsp;&nbsp;&nbsp;&nbsp;&nbsp;&nbsp; 9:30 &#8211; 11h Uhr&nbsp; (ab 6 Monaten) und &nbsp; &nbsp; &nbsp; [&hellip;]<\/p>\n","protected":false},"author":1,"featured_media":0,"parent":0,"menu_order":0,"comment_status":"closed","ping_status":"open","template":"","meta":{"footnotes":""},"class_list":["post-2","page","type-page","status-publish","hentry"],"_links":{"self":[{"href":"https:\/\/kimube.de\/index.php?rest_route=\/wp\/v2\/pages\/2","targetHints":{"allow":["GET"]}}],"collection":[{"href":"https:\/\/kimube.de\/index.php?rest_route=\/wp\/v2\/pages"}],"about":[{"href":"https:\/\/kimube.de\/index.php?rest_route=\/wp\/v2\/types\/page"}],"author":[{"embeddable":true,"href":"https:\/\/kimube.de\/index.php?rest_route=\/wp\/v2\/users\/1"}],"replies":[{"embeddable":true,"href":"https:\/\/kimube.de\/index.php?rest_route=%2Fwp%2Fv2%2Fcomments&post=2"}],"version-history":[{"count":15,"href":"https:\/\/kimube.de\/index.php?rest_route=\/wp\/v2\/pages\/2\/revisions"}],"predecessor-version":[{"id":183,"href":"https:\/\/kimube.de\/index.php?rest_route=\/wp\/v2\/pages\/2\/revisions\/183"}],"wp:attachment":[{"href":"https:\/\/kimube.de\/index.php?rest_route=%2Fwp%2Fv2%2Fmedia&parent=2"}],"curies":[{"name":"wp","href":"https:\/\/api.w.org\/{rel}","templated":true}]}}